 the thousands digit of -4*(171/(-24))/19*10280/6?
2
Let x(a) = -7*a**2 + 42*a - 6. Let b be x(7). Let k = 155 + b. What is the hundreds digit of k?
1
Let g = 30439 - 16668. What is the units digit of g?
1
What is the units digit of 73*(49 - 52 - (21*-9 + 1))?
5
Let g(c) be the third derivative of -7*c**4/6 + 13*c**3/6 - 22*c**2. Let z be g(5). Let b = z + 262. What is the tens digit of b?
3
Suppose 4*r - 18 = -5*r. Let s(h) = 4*h - 3*h**3 - 7*h**3 - 5 - h**2 + r*h**2 - 5*h. What is the hundreds digit of s(-3)?
2
What is the units digit of (-1102405)/(-25) - 5*(-2)/(-50)?
6
Let q(v) = v**3 - 17*v**2 + 40*v + 34. Let p be q(14). Suppose -2*c = p*y - y - 1891, 0 = 3*y + 5*c - 1127. What is the hundreds digit of y?
3
Let p(l) = -l + 5. Let q be p(-6). Suppose -7*s = -5*s - 4*w - 1444, -697 = -s - 3*w. Suppose q*d - 3*d = s. What is the units digit of d?
9
Suppose -2*x = 4*n - 222634, -242*n = -245*n + 5*x + 166956. What is the ten thousands digit of n?
5
Suppose 80*y - 75*y + 5 = 0, 149933 = 5*x + 2*y. What is the tens digit of x?
8
Let s = 96 - 117. What is the tens digit of -7 + 53080/70 + 6/s?
5
Let n(d) = 58*d**2 - 66*d + 792. What is the thousands digit of n(12)?
8
Let i(b) be the third derivative of 5*b**4/24 + 43*b**3/6 + 7*b**2. Let h be i(-17). Let v = h - -94. What is the units digit of v?
2
What is the hundreds digit of 145824/(-63)*(-9)/2?
4
Suppose 8*p + 2*p + 24757 = 29*p. What is the units digit of p?
3
Let v = -403 + 405. Suppose -v*x + 1092 = 2*h, h + 5*x + 210 = 772. What is the hundreds digit of h?
5
Suppose 2*h - 22838 = -3*s, -h + 2*s + 34283 = 2*h. Suppose 8*d + h = 33*d. What is the hundreds digit of d?
4
What is the hundreds digit of 37/(444/(-240))*-352?
0
Suppose -172*r - 546 = -159*r. Let q(n) = -n**3 - 3*n**2 - 8*n - 4. Let j be q(-5). Let c = j + r. What is the tens digit of c?
4
Let t(x) = -7*x - 17. Let n(b) = -6*b - 17. Let u(d) = 5*n(d) - 4*t(d). Let q be u(-9). What is the tens digit of 2/q - -126 - -2?
3
Suppose 0 = -2*w - 12, 0 = 5*a - 167*w + 162*w - 81960. What is the units digit of a?
6
Suppose 2*g + 3*v - 2580 = 0, 4*g - v - 5160 = -6*v. Let k = g + -842. What is the tens digit of k?
4
Let a be (-414)/(-8) - 48/64. Let c = a - -293. What is the units digit of c?
4
Suppose 4*w - 1 = 51. Suppose -w*z + 726 = 9*z. What is the units digit of z?
3
Let h(q) = 6*q. Let o(v) = v. Let w(t) = h(t) - 5*o(t). Let z(i) = -2*i + 35. Let p(k) = 4*w(k) + z(k). What is the units digit of p(0)?
5
Let l = 4761 + -4756. Let q = -10 + 15. Suppose -q*r = -0*m + 3*m - 670, l*r - 5*m = 670. What is the hundreds digit of r?
1
Suppose i + 12*r - 7*r = -18, 0 = 4*i + 5*r + 12. What is the units digit of (i - -39)*3/((-18)/(-42))?
7
Suppose 0 = -0*v - 18*v + 52755 + 16293. What is the thousands digit of v?
3
Suppose 3*u + 14295 = 18*u. Suppose 2*l - 953 = -w, 5*l = 28*w - 29*w + u. What is the hundreds digit of w?
9
Suppose 223*o - 226*o + 3855 = 0. Let k = o + -844. What is the hundreds digit of k?
4
Suppose 3*b + 20 - 437 = 0. Suppose b*l - 140*l = -501. What is the hundreds digit of l?
5
Suppose 0 = -g + 5*u + 10083, 0 = 61*g - 65*g - 5*u + 40182. What is the thousands digit of g?
0
Let k be 7650/(-180)*6*1/(-5). Let i = k + 483. What is the units digit of i?
4
Let g(s) = s**2 - 15*s + 7. Let v be g(8). Let z be 702/(-7) - -1 - 14/v. Let f = -9 - z. What is the tens digit of f?
9
Let c(u) = 17*u**3 + u**2 + u - 1. Let o = 36 - 35. Let l be c(o). What is the tens digit of (-2 - l)/((-4)/16)?
8
Let h(n) = -240*n**3 + 10*n**2 + 20*n + 34. What is the hundreds digit of h(-3)?
5
Suppose 19*i - 36*i = -84983. What is the thousands digit of i?
4
Let w be (-6 - 2191/(-28))*4. Suppose 294*i - 630 = w*i. What is the tens digit of i?
2
Let i(g) = -g - 8. Let d be i(-11). Suppose 2*r = -3*a + 121, -2*r = -2*a - d*r + 81. Let n = 80 - a. What is the tens digit of n?
3
Let s(z) = -2*z**3 + 2*z. Let t be s(-9). Let g = t - 795. What is the tens digit of g?
4
Let j(o) = -o**3 + 17*o**2 - o + 17. Let s be j(17). Suppose s = -44*g + 56*g - 2232. What is the units digit of g?
6
Suppose -9 = -u + 4*z + 17, -44 = -4*u + z. Suppose 0*w = u*w - 2700. What is the units digit of w?
0
What is the thousands digit of 1/(1/(-49)*7/(-3659))?
5
Suppose -5*d - 4*p + 18828 = -69827, -5*d = p - 88670. What is the hundreds digit of d?
7
Let l(c) = 58843*c**2 + 21*c + 20. What is the hundreds digit of l(-1)?
8
Let q(j) = -41*j - 117. Let k be 96/(-5) - (-9)/45. What is the hundreds digit of q(k)?
6
Let o = -92683 + 181807. What is the hundreds digit of o?
1
Let s(h) = 11*h + 93. Let a be s(-9). Let p be 4/a*(20/8 - 1). What is the tens digit of 5 - p/(-1) - (-60 - 1)?
6
Suppose 3*u + 0*u = -q + 43, u = -2. What is the tens digit of q - -1*(-5 - -2)?
4
Let o(v) be the third derivative of -v**6/120 - 17*v**5/60 + 23*v**4/24 - v**3 - 6*v**2 + 11*v. What is the tens digit of o(-20)?
3
Let f(u) = -u**3 - u**2 + 48. Let v = -25 + 42. Suppose -6*i + v*i = 0. What is the tens digit of f(i)?
4
Suppose 25 - 91 = -17*m + 2. Let u = -109 - -245. Suppose -m*b + 492 = u. What is the units digit of b?
9
Let q be (-1642)/8 + (-44)/16 + 3. Let y = 478 + q. What is the hundreds digit of y?
2
Let u(n) = 18*n**2 + 5*n - 1. Let d be u(1). Let p = -104 - d. What is the units digit of (-56)/6*648/p?
8
Let q = 327 - 337. What is the units digit of q*-3*(-125)/(-15)?
0
Let y be (8/32)/((-2)/(-8)). Suppose -r - 5 - y = 0. What is the units digit of 0/r + 1*24?
4
Let i = 930 - 926. Suppose 347 = 3*f + i*x, 2*x - 107 = -f + 5*x. What is the units digit of f?
3
Let k(c) = 39*c**2 + 14*c + 67. Let i be k(-6). Suppose -5*m = -o + 535, 3*m = -3*o + 182 + i. What is the units digit of o?
5
Let i be 1*(3 + 1 - (-8 - -12)). Suppose i*k + 6*k = -k. Let x = k + 171. What is the hundreds digit of x?
1
Suppose -h - 1354679 = -26*h - 157754. What is the ten thousands digit of h?
4
Let a(z) = 27*z + 36. Let w(t) = -41*t - 54. Let r(j) = 7*a(j) + 5*w(j). Let n be r(-3). What is the tens digit of (-40)/n + 458/6?
7
Suppose -3*w = 51 + 12. Suppose 43*x = 48*x - 320. Let n = w + x. What is the tens digit of n?
4
Let x = -3179 + 31027. What is the units digit of x?
8
Let s(p) = p**3 + 5*p**2 + 15*p + 128. Let y be s(-6). Suppose y*n = -2*d + 802, -28*n = 3*d - 26*n - 1201. What is the hundreds digit of d?
3
Let f(u) = 757*u**2 + 6*u - 4. Suppose -4*k = -5*k, -k + 1 = w. What is the hundreds digit of f(w)?
7
Suppose -4*n - n - 3*l = -10, 2*l = 0. Suppose n*x = 186 + 1302. What is the tens digit of x?
4
Suppose 7*p + 280 = 287. Let b(x) = 265*x**3 + 7*x - 6. What is the hundreds digit of b(p)?
2
Suppose -10*i = -i - 45. Suppose -i*r + 35 = -0*r. Suppose 0 = -r*t + 8*t - 46. What is the units digit of t?
6
What is the units digit of (-16*(-2513)/14)/(36/270)?
0
Suppose 0 = -3*g - 7*g + 5200. Suppose x - 269 = 4*j, 2*x = 5*j - 3*j + g. What is the units digit of x?
7
Suppose 5*j = -3*y + y - 36, 3*y + 12 = 3*j. Let a be (-2)/(-7)*(-112)/y. Suppose -4*o - 4*q = -q - 401, a*o - 2*q = 426. What is the units digit of o?
4
Let k = -1530 + 574. Let w = k + 2367. What is the tens digit of w?
1
What is the hundreds digit of 57*((-70)/63)/(-5)*(47 - 8)?
4
Suppose 0 = 30*o - 12*o - 36. Suppose 2*f = -3*d + 1215, o*f + 3024 = 7*f + 3*d. What is the units digit of f?
3
Let y = -3214 - -9767. What is the tens digit of y?
5
Suppose 0 = 34*a - 43 - 59. Let q = 299 - a. What is the tens digit of q?
9
Let p(c) = -4*c**2 + 329*c - 12. What is the hundreds digit of p(71)?
1
Suppose 10*m - 156393 = 6*m + o, m + 2*o = 39087. What is the thousands digit of m?
9
Let u be ((-29354)/(-39))/((-4)/(-24)). Suppose 233*i = 237*i - u. What is the tens digit of i?
2
Let h = -6059 + 18470. What is the thousands digit of h?
2
Let v(n) = -2262*n + 1766. What is the ten thousands digit of v(-8)?
1
Suppose -5*x + 5*r = -1750, 10*x + 1376 = 14*x + 2*r. Let z = x + 991. What is the thousands digit of z?
1
Suppose -126*o = -118*o - 62368. What is the thousands digit of o?
7
Let f(a) = -a**3 - 11*a**2 - 2*a + 14. Suppose 0 = 6*r - 3*r + 2*c + 31, 0 = 2*r - 3*c + 25. What is the units digit of f(r)?
6
Suppose -344*m - 150432 = -350*m. What is the tens digit of m?
7
Let c be 1 + 300 - -12*7/(-21). Let t be 0 + 4/(-14) + 1174/(-7). Let n = c + t. What i